of a and u?
2
Suppose -45*z - 7*z = -22*z - 840. What is the highest common divisor of z and 238?
14
Suppose -6417 - 6770 = -o - 2*u, -6*o = -5*u - 79258. Calculate the highest common factor of o and 162.
81
Let k = 41 + -22. Let h = k + -23. Let l be (-36)/10*(136/(-24) - h). What is the greatest common divisor of l and 24?
6
Let h = 11974 - 11961. Calculate the greatest common divisor of h and 17992.
13
Suppose -3*x + 8816 = 2*w, 2*x + 4*w - 1607 = 4265. Calculate the greatest common divisor of 315 and x.
105
Let m(v) = 10*v**2 - 312*v + 248. Let b be m(46). What is the greatest common divisor of 8 and b?
8
Let k be 138/(-345)*(-5)/2 - (0 - 224). What is the highest common factor of k and 171?
9
Let q = -288 - -528. Suppose 1184*t - 1181*t = q. What is the greatest common divisor of 112 and t?
16
Suppose 0 = -14*z + 506 + 54. What is the greatest common factor of 17 and z?
1
Let j be 4/10 + (-568)/20. Let u = 39 + j. Let s = -23306 - -23383. Calculate the highest common factor of s and u.
11
Let j = 677 - 667. Suppose -21*t - j*t = -3255. What is the highest common divisor of t and 42?
21
Let y = -7798 + 13858. Calculate the greatest common factor of y and 180.
60
Let l be -5*4/(-70) - 188/(-28). Let g be (l - 256/40)/(3/270). Suppose 3*y - 4*f - 41 = 21, -f + 52 = 3*y. Calculate the greatest common divisor of g and y.
18
Let m(k) = 7*k + 10. Let g(c) = -c + 1. Let j(f) = 5*g(f) + m(f). Let i be j(-4). What is the greatest common factor of i and 273?
7
Let j = 9699 + -9629. What is the greatest common factor of j and 98?
14
Let j(g) = g**3 - 7*g**2 + 14*g - 22. Let p be j(5). Let m be (4 + -7)*(-34 + p). What is the greatest common divisor of 36 and m?
36
Let i(a) be the third derivative of a**5/30 - 7*a**4/12 + 3*a**3 + 2*a**2. Let w be i(11). Let j = 148 - w. What is the highest common factor of j and 6?
6
Let i be ((-66)/(-4))/((-111)/(-296)). Suppose 2*a = -4*p + 5*p + 19, -2*a + 4*p = -10. What is the greatest common divisor of a and i?
11
Suppose -2 = 2*d + 4*b, 9*d - 3*b - 19 = 7*d. Calculate the greatest common factor of d and 113.
1
Let r(y) = -5*y**2 + 108*y + 4152. Let q be r(41). Suppose -7 = v - 77. Calculate the highest common divisor of q and v.
35
Suppose 4*s + k - 82 = 0, -4*k = -5*s - 2*k + 109. Suppose -s = -l - 14. Calculate the greatest common divisor of 49 and l.
7
Let w(i) = -36*i - 280. Let k be w(-8). Suppose k*n + 495 = 13*n. Calculate the highest common divisor of n and 55.
11
Suppose 2*d - 7 = -2*o - 59, -55 = 2*o + 5*d. Let r = -21 - o. Let h be 2*((-34)/r)/(4/(-4)). What is the greatest common divisor of 119 and h?
17
Suppose -2*k + 105 = -7*k. Let i = -107 + 111. Let p be (k/(-6))/(-2 - (-10)/i). Calculate the highest common factor of p and 28.
7
Suppose 25*j = 8*j + 6473 - 5963. Calculate the greatest common factor of j and 36.
6
Suppose 4*y = 4*j - 1336, 88*j - 1324 = 84*j - 2*y. What is the highest common divisor of j and 415?
83
Suppose 0 = -3*o + c + 1113, -31*o = -32*o - 16*c + 371. What is the highest common divisor of o and 21?
7
Suppose 4 = -23*w + 25*w, 0 = -5*k + w + 8608. What is the highest common factor of k and 84?
42
Let l(b) = 3*b - b - 4*b + 52. Let h be (0/5 + 2)*(-110)/100*-10. Let z be l(h). Calculate the highest common divisor of 2 and z.
2
Let z(j) = 37*j**2 - 3*j - 1. Let g be z(-1). Let u = 48 - g. Let c = u - -5. Calculate the greatest common divisor of 2 and c.
2
Let d = -365 + 388. Suppose -d*y = -5 - 18. Calculate the greatest common divisor of 9 and y.
1
Let c(u) = 4*u**2 + 114*u - 3265. Let h be c(21). What is the highest common divisor of h and 376?
47
Suppose 3*m - 1233 = -x, 213*m + 18 = 216*m. What is the highest common divisor of x and 855?
45
Let u(z) = -26*z**2 + 20*z - 61. Let q be u(4). Let p = q + 451. Calculate the highest common factor of 135 and p.
27
Let v(j) = j**2 + 8*j + 4. Let q be v(-7). Let s be (-7 - -1 - 31)*q. Calculate the highest common divisor of 74 and s.
37
Let n be 8/18 + 272/(-612). Suppose n = 3*z + 4*a - 243, -2*a - 3*a + 400 = 5*z. Calculate the highest common divisor of z and 33.
11
Let t(m) = -m**3 + 6*m**2 - 6*m + 5. Let i be t(5). Let f(o) = -o**3 - 3*o**2 + 2*o + 13. Let n be f(i). Calculate the highest common divisor of 65 and n.
13
Let s = -1940 - -1966. Calculate the greatest common divisor of 741 and s.
13
Let z(j) = -7*j**2 + 15 + 6*j**2 + 11*j + 19 - 14. Let w be z(7). Let g = w + -26. What is the highest common factor of 121 and g?
11
Suppose p = -s + 3*p + 27, -4*p - 108 = -4*s. Suppose 0 = 2*f - 51 + s. Suppose 504 = -3*a + f*a. Calculate the highest common divisor of a and 8.
8
Let l be 7 + -6 + (2 - 0). Suppose 7 = l*c + g, -c - 2*g = c - 6. Suppose s - 6 = c*q, 4*s = -2*q + 65 - 1. Calculate the highest common divisor of 35 and s.
7
Let p = -17869 + 18571. What is the highest common factor of 45 and p?
9
Suppose -o + 43 = -9. Suppose 2*j - o = -20. Let v = 168 - 120. Calculate the greatest common divisor of j and v.
16
Let q(o) = 28 - o**2 + 3018*o - 1505*o - 1508*o. Let u be q(-3). Suppose -4*x = -0*x + 4*a - 44, -7 = x - 5*a. Calculate the highest common divisor of x and u.
4
Suppose -t = -21*h + 23*h - 1789, -3*t = 4*h - 3575. What is the greatest common factor of 8 and h?
8
Let c be ((-243)/(-54))/(1/(-11)*7/(-42)). Calculate the highest common divisor of 1458 and c.
27
Let y be ((-850)/136)/((-10)/48). What is the highest common factor of y and 570?
30
Let x be ((-284 - 2)*505/10*1)/(-1). Calculate the greatest common divisor of 143 and x.
143
Let b = -3191 + 3347. What is the greatest common divisor of 108 and b?
12
Suppose 5 = -b, -4*u - 7325 = -7*u + b. Suppose 7*v - u = 2*v. Let s = 851 - v. Calculate the greatest common factor of s and 33.
33
Suppose -35351 + 127121 = 30*o. Calculate the greatest common factor of 38 and o.
19
Suppose 11*l - 826 = -5*u + 8*l, 2*u - 5*l = 318. Calculate the greatest common divisor of u and 3.
1
Let t be (-25 - (-209580)/80) + 10/8. What is the highest common factor of 176 and t?
44
Suppose -b = -0*b - 27. Suppose 30*a - 20 = 32*a. Let c be 3228/72 - (-1 + a/(-12)). Calculate the greatest common divisor of c and b.
9
Suppose 5*g - 2*t - 3*t = -5, 3*g + 2*t = 7. Let s be g + 41 - (-8)/2. Suppose 178 = 2*q - s. Calculate the greatest common factor of q and 16.
16
Let t be (-8)/4*(-3 - -1 - -5). Let j(w) = 3*w**2 + 8*w + 1. Let v be j(t). Suppose v + 89 = 2*l. What is the greatest common divisor of 30 and l?
15
Let u be (-796)/(-8) - (4/(-8) + (-10)/(-10)). Calculate the highest common divisor of 407 and u.
11
Let w be 9/9 + (-1 - -12). Let m(n) = n**2 + 5*n - 18. Let r be m(6). What is the highest common divisor of w and r?
12
Suppose -5*t + 166 = -154. Let q(k) = k + 8*k + k + 72 + 6*k. Let m be q(-4). Calculate the highest common divisor of t and m.
8
Suppose 5 = -7*c + 12. Suppose 2 = 2*v + 5*f + 1, -c = -v - 2*f. What is the highest common factor of 17 and v?
1
Let r be (-5)/(-6) - (30/36 + -1). Suppose 4*t = -5*j + 53, 2*t = -2*t - 3*j + 59. Suppose -6*c = -37 - t. Calculate the highest common divisor of r and c.
1
Let o be 5*-1*(-663)/85. Let d be (12/10)/(52/3380). What is the greatest common divisor of o and d?
39
Let j(r) = r + 12. Let s be j(-7). Suppose 5*x - 22 - 10 = 3*f, f + 14 = s*x. Let b be (132/110)/(1 + f/10). Calculate the greatest common factor of 18 and b.
6
Let z = 432 + -362. Calculate the greatest common factor of z and 3941.
7
Let a be (-16)/((-15)/(-5) - 1 - 1). Let o be (-24)/18*9*a. Calculate the highest common factor of 24 and o.
24
Suppose 7*w + 13801 = 13899. Calculate the greatest common divisor of w and 3.
1
Suppose -1933 = -5*h - 273. Suppose 6749 = 23*w + h. What is the highest common divisor of 31 and w?
31
Let a(y) = -116*y + 976. Let d be a(4). What is the greatest common factor of 56 and d?
8
Let p = -8765 - -10665. What is the highest common factor of p and 4?
4
Suppose -5*m - w + 10792 = 0, 111*m - 112*m + 4*w = -2171. Calculate the greatest common divisor of 254 and m.
127
Let u(g) = 34*g + 189. Suppose 8*t = 20 - 60. Let h be u(t). Calculate the greatest common divisor of h and 1.
1
Let m be (-87)/406 - 19965/(-70). Calculate the highest common factor of m and 2085.
15
Let v be 0 + -3 - (0/(-2) - -59). Let l = v - -62. Suppose l = 19*b - 25*b + 